{"id":1484,"date":"2020-11-12T16:26:08","date_gmt":"2020-11-12T16:26:08","guid":{"rendered":"https:\/\/startertemplatecloud.com\/g01\/?page_id=1484"},"modified":"2024-04-13T20:15:08","modified_gmt":"2024-04-14T00:15:08","slug":"418-norman-street","status":"publish","type":"page","link":"https:\/\/dktoitures.com\/?page_id=1484","title":{"rendered":"Soumission en ligne"},"content":{"rendered":"<style>.kb-row-layout-id1484_4e4976-0c > .kt-row-column-wrap{align-content:start;}:where(.kb-row-layout-id1484_4e4976-0c > .kt-row-column-wrap) > .wp-block-kadence-column{justify-content:start;}.kb-row-layout-id1484_4e4976-0c > .kt-row-column-wrap{column-gap:var(--global-kb-gap-md, 2rem);row-gap:var(--global-kb-gap-none, 0rem );max-width:var( --global-content-width, 1290px );padding-left:var(--global-content-edge-padding);padding-right:var(--global-content-edge-padding);padding-top:225px;padding-bottom:25px;grid-template-columns:minmax(0, 1fr);}.kb-row-layout-id1484_4e4976-0c{background-image:url('http:\/\/dktoitures.com\/wp-content\/uploads\/2023\/06\/Soumissionrenovation_renoquotes-toiture_commerciale_Commercial_roofing__2_-1.jpeg');background-size:cover;background-position:49% 56.99999999999999%;background-attachment:scroll;background-repeat:no-repeat;}.kb-row-layout-id1484_4e4976-0c > .kt-row-layout-overlay{opacity:0.45;background-color:#242d2d;}@media all and (max-width: 1024px){.kb-row-layout-id1484_4e4976-0c > .kt-row-column-wrap{grid-template-columns:minmax(0, 1fr);}}@media all and (max-width: 767px){.kb-row-layout-id1484_4e4976-0c > .kt-row-column-wrap{grid-template-columns:minmax(0, 1fr);}}<\/style><div class=\"kb-row-layout-wrap kb-row-layout-id1484_4e4976-0c alignnone has-theme-palette4-background-color kt-row-has-bg wp-block-kadence-rowlayout\"><div class=\"kt-row-layout-overlay kt-row-overlay-normal\"><\/div><div class=\"kt-row-column-wrap kt-has-1-columns kt-row-layout-equal kt-tab-layout-inherit kt-mobile-layout-row kt-row-valign-top kb-theme-content-width\">\n<style>.kadence-column1484_6cbe22-02 > .kt-inside-inner-col,.kadence-column1484_6cbe22-02 > .kt-inside-inner-col:before{border-top-left-radius:0px;border-top-right-radius:0px;border-bottom-right-radius:0px;border-bottom-left-radius:0px;}.kadence-column1484_6cbe22-02 > .kt-inside-inner-col{column-gap:var(--global-kb-gap-sm, 1rem);}.kadence-column1484_6cbe22-02 > .kt-inside-inner-col{flex-direction:column;}.kadence-column1484_6cbe22-02 > .kt-inside-inner-col > .aligncenter{width:100%;}.kadence-column1484_6cbe22-02 > .kt-inside-inner-col:before{opacity:0.3;}.kadence-column1484_6cbe22-02{position:relative;}@media all and (max-width: 1024px){.kadence-column1484_6cbe22-02 > .kt-inside-inner-col{flex-direction:column;}}@media all and (max-width: 767px){.kadence-column1484_6cbe22-02 > .kt-inside-inner-col{flex-direction:column;}}<\/style>\n<div class=\"wp-block-kadence-column kadence-column1484_6cbe22-02\"><div class=\"kt-inside-inner-col\"><style>.wp-block-kadence-advancedheading.kt-adv-heading1484_229e00-75, .wp-block-kadence-advancedheading.kt-adv-heading1484_229e00-75[data-kb-block=\"kb-adv-heading1484_229e00-75\"]{font-size:65px;font-style:normal;}.wp-block-kadence-advancedheading.kt-adv-heading1484_229e00-75 mark, .wp-block-kadence-advancedheading.kt-adv-heading1484_229e00-75[data-kb-block=\"kb-adv-heading1484_229e00-75\"] mark{font-style:normal;color:#f76a0c;padding-top:0px;padding-right:0px;padding-bottom:0px;padding-left:0px;}@media all and (max-width: 767px){.wp-block-kadence-advancedheading.kt-adv-heading1484_229e00-75, .wp-block-kadence-advancedheading.kt-adv-heading1484_229e00-75[data-kb-block=\"kb-adv-heading1484_229e00-75\"]{font-size:var(--global-kb-font-size-lg, 2rem);}}<\/style>\n<h2 class=\"kt-adv-heading1484_229e00-75 wp-block-kadence-advancedheading has-theme-palette-9-color has-text-color\" data-kb-block=\"kb-adv-heading1484_229e00-75\">Soumission en ligne<\/h2>\n<\/div><\/div>\n\n<\/div><\/div>\n\n<style>.kb-row-layout-id1484_a66e68-5c > .kt-row-column-wrap{align-content:center;}:where(.kb-row-layout-id1484_a66e68-5c > .kt-row-column-wrap) > .wp-block-kadence-column{justify-content:center;}.kb-row-layout-id1484_a66e68-5c > .kt-row-column-wrap{column-gap:40px;row-gap:var(--global-kb-gap-md, 2rem);max-width:var( --global-content-width, 1290px );padding-left:var(--global-content-edge-padding);padding-right:var(--global-content-edge-padding);padding-top:24px;padding-bottom:90px;grid-template-columns:minmax(0, calc(75% - ((40px * 1 )\/2))) minmax(0, calc(25% - ((40px * 1 )\/2)));}.kb-row-layout-id1484_a66e68-5c > .kt-row-layout-overlay{opacity:0.03;}.kb-row-layout-id1484_a66e68-5c .kt-row-layout-bottom-sep{height:100px;}.kb-row-layout-id1484_a66e68-5c .kt-row-layout-bottom-sep svg{width:100%;}.kb-row-layout-id1484_a66e68-5c .kt-row-layout-bottom-sep svg{fill:#ffffff!important;}@media all and (max-width: 1024px){.kb-row-layout-id1484_a66e68-5c > .kt-row-column-wrap{grid-template-columns:repeat(2, minmax(0, 1fr));}}@media all and (max-width: 1024px){.kb-row-layout-id1484_a66e68-5c .kt-row-layout-bottom-sep{height:px;}}@media all and (max-width: 1024px){.kb-row-layout-id1484_a66e68-5c .kt-row-layout-bottom-sep svg{width:%;}}@media all and (max-width: 767px){.kb-row-layout-id1484_a66e68-5c > .kt-row-column-wrap{padding-top:50px;padding-bottom:50px;grid-template-columns:minmax(0, 1fr);}.kb-row-layout-id1484_a66e68-5c .kt-row-layout-bottom-sep{height:px;}.kb-row-layout-id1484_a66e68-5c .kt-row-layout-bottom-sep svg{width:%;}}<\/style><div class=\"kb-row-layout-wrap kb-row-layout-id1484_a66e68-5c alignnone has-theme-palette8-background-color kt-row-has-bg wp-block-kadence-rowlayout\"><div class=\"kt-row-column-wrap kt-has-2-columns kt-row-layout-equal kt-tab-layout-inherit kt-mobile-layout-row kt-row-valign-middle kb-theme-content-width\">\n<style>.kadence-column1484_e58fd8-eb > .kt-inside-inner-col{display:flex;}.kadence-column1484_e58fd8-eb > .kt-inside-inner-col{padding-top:30px;padding-right:30px;padding-bottom:30px;padding-left:30px;}.kadence-column1484_e58fd8-eb > .kt-inside-inner-col{border-left:1px solid var(--global-palette6, #718096);}.kadence-column1484_e58fd8-eb > .kt-inside-inner-col,.kadence-column1484_e58fd8-eb > .kt-inside-inner-col:before{border-top-left-radius:0px;border-top-right-radius:0px;border-bottom-right-radius:0px;border-bottom-left-radius:0px;}.kadence-column1484_e58fd8-eb > .kt-inside-inner-col{column-gap:var(--global-kb-gap-sm, 1rem);}.kadence-column1484_e58fd8-eb > .kt-inside-inner-col{flex-direction:column;justify-content:flex-start;}.kadence-column1484_e58fd8-eb > .kt-inside-inner-col > .aligncenter{width:100%;}.kt-row-column-wrap > .kadence-column1484_e58fd8-eb{align-self:flex-start;}.kt-inner-column-height-full:not(.kt-has-1-columns) > .wp-block-kadence-column.kadence-column1484_e58fd8-eb{align-self:auto;}.kt-inner-column-height-full:not(.kt-has-1-columns) > .wp-block-kadence-column.kadence-column1484_e58fd8-eb > .kt-inside-inner-col{flex-direction:column;justify-content:flex-start;}.kadence-column1484_e58fd8-eb > .kt-inside-inner-col{background-color:#d4aa40;}.kadence-column1484_e58fd8-eb > .kt-inside-inner-col:before{opacity:0.3;}.kadence-column1484_e58fd8-eb{position:relative;}@media all and (max-width: 1024px){.kadence-column1484_e58fd8-eb > .kt-inside-inner-col{border-left:1px solid var(--global-palette6, #718096);flex-direction:column;}}@media all and (max-width: 767px){.kadence-column1484_e58fd8-eb > .kt-inside-inner-col{border-left:1px solid var(--global-palette6, #718096);flex-direction:column;}}<\/style>\n<div class=\"wp-block-kadence-column kadence-column1484_e58fd8-eb inner-column-3\"><div class=\"kt-inside-inner-col\"><style>.wp-block-kadence-spacer.kt-block-spacer-1484_1a738d-0d .kt-block-spacer{height:6px;}.wp-block-kadence-spacer.kt-block-spacer-1484_1a738d-0d .kt-divider{border-top-width:1px;height:1px;border-top-color:var(--global-palette6, #718096);width:100%;border-top-style:solid;}<\/style>\n<div class=\"wp-block-kadence-spacer aligncenter kt-block-spacer-1484_1a738d-0d kvs-lg-false\"><div class=\"kt-block-spacer kt-block-spacer-halign-center\"><hr class=\"kt-divider\"\/><\/div><\/div>\n\n\n\n<h3 class=\"wp-block-heading\">Demande de soumission<\/h3>\n\n\n\n<p>L&rsquo;\u00e9quipe de DK Toitures se fera un plaisir de discuter avec vous de votre projet, de bien comprendre vos besoins et de vous fournir une soumission rapide et gratuite. Nous vous r\u00e9pondront dans les meilleurs d\u00e9lais.<\/p>\n\n\n<style>.kadence-form-1484_040a2c-7a .kb-form .kadence-blocks-form-field .kb-forms-submit{color:#d4aa40;border-width:2px 2px 2px 2px;background:var(--global-palette9, #ffffff);border-color:#d4aa40;}.kadence-form-1484_040a2c-7a .kb-form .kadence-blocks-form-field .kb-forms-submit:hover, .kadence-form-1484_040a2c-7a .kb-form .kadence-blocks-form-field .kb-forms-submit:focus {color:var(--global-palette9, #ffffff);border-color:var(--global-palette4, #2D3748);background:var(--global-palette4, #2D3748);}.kadence-form-1484_040a2c-7a .kb-form .kadence-blocks-form-field .kb-forms-submit{padding-top:5px;padding-right:20px;padding-bottom:5px;padding-left:20px;}.kadence-form-1484_040a2c-7a .kb-form .kadence-blocks-form-field .kb-forms-submit{font-size:15px;font-weight:400;}<\/style>\n<div class=\"wp-block-kadence-form kadence-form-1484_040a2c-7a kb-form-wrap\"><form class=\"kb-form\" action=\"\" method=\"post\" data-error-message=\"Veuillez remplir toutes les cases avant d'envoyer la soumission.\"><div class=\"kadence-blocks-form-field kb-field-desk-width-50 kb-input-size-standard\"><label for=\"kb_field_1484_040a2c-7a_0\">Nom<span class=\"required\">*<\/span><\/label><input name=\"kb_field_0\" id=\"kb_field_1484_040a2c-7a_0\" data-label=\"Nom\" type=\"text\" placeholder=\"Nom\" value=\"\" data-type=\"text\" class=\"kb-field kb-text-style-field kb-text-field kb-field-0\" data-required=\"yes\" data-required-message=\"Champ obligatoire\"\/><\/div><div class=\"kadence-blocks-form-field kb-form-field-1 kb-field-desk-width-50 kb-input-size-standard\"><label for=\"kb_field_1484_040a2c-7a_1\">Adresse courriel<span class=\"required\">*<\/span><\/label><input name=\"kb_field_1\" id=\"kb_field_1484_040a2c-7a_1\" data-label=\"Adresse courriel\" type=\"email\" placeholder=\"Adresse courriel\" value=\"\" data-type=\"email\" class=\"kb-field kb-text-style-field kb-email-field kb-field-1\" data-required=\"yes\" data-required-message=\"Champ obligatoire\" data-validation-message=\"Adresse courriel non valide\"\/><\/div><div class=\"kadence-blocks-form-field kb-form-field-2 kb-field-desk-width-50 kb-input-size-standard\"><label for=\"kb_field_1484_040a2c-7a_2\">Num\u00e9ro de t\u00e9l\u00e9phone<span class=\"required\">*<\/span><\/label><input name=\"kb_field_2\" id=\"kb_field_1484_040a2c-7a_2\" data-label=\"Num\u00e9ro de t\u00e9l\u00e9phone\" type=\"tel\" placeholder=\"Num\u00e9ro de t\u00e9l\u00e9phone\" value=\"\" data-type=\"tel\" class=\"kb-field kb-text-style-field kb-tel-field kb-field-2\" data-required=\"yes\" data-required-message=\"Champ obligatoire\" data-validation-message=\"Num\u00e9ro de t\u00e9l\u00e9phone non valide\"\/><\/div><div class=\"kadence-blocks-form-field kb-form-field-3 kb-field-desk-width-50 kb-input-size-standard\"><label for=\"kb_field_1484_040a2c-7a_3\">Adresse<span class=\"required\">*<\/span><\/label><input name=\"kb_field_3\" id=\"kb_field_1484_040a2c-7a_3\" data-label=\"Adresse\" type=\"text\" placeholder=\"Rue, ville et code postal\" value=\"\" data-type=\"text\" class=\"kb-field kb-text-style-field kb-text-field kb-field-3\" data-required=\"yes\" data-required-message=\"Champ obligatoire\"\/><\/div><div class=\"kadence-blocks-form-field kb-form-field-4 kb-field-desk-width-100 kb-input-size-standard\"><label for=\"kb_field_1484_040a2c-7a_4\">Type de toitures<span class=\"required\">*<\/span><\/label><div data-type=\"radio\" data-label=\"Type de toitures\" id=\"kb_field_1484_040a2c-7a_4\" class=\"kb-field kb-radio-style-field kb-radio-field kb-field-4 kb-radio-style-normal\" data-required=\"yes\" data-required-message=\"Champ obligatoire\"><div data-type=\"radio\" class=\"kb-radio-item kb-radio-item-0\"><input type=\"radio\" name=\"kb_field_4[]\" id=\"kb_field_4_0\" class=\"kb-sub-field kb-radio-style\" value=\"Bardeaux\"\/><label for=\"kb_field_4_0\">Bardeaux<\/label><\/div><div data-type=\"radio\" class=\"kb-radio-item kb-radio-item-1\"><input type=\"radio\" name=\"kb_field_4[]\" id=\"kb_field_4_1\" class=\"kb-sub-field kb-radio-style\" value=\"Membrane \u00e9lastom\u00e8re\"\/><label for=\"kb_field_4_1\">Membrane \u00e9lastom\u00e8re<\/label><\/div><\/div><\/div><div class=\"kadence-blocks-form-field kb-form-field-5 kb-field-desk-width-100 kb-input-size-standard\"><label for=\"kb_field_1484_040a2c-7a_5\">Message<span class=\"required\">*<\/span><\/label><textarea name=\"kb_field_5\" id=\"kb_field_1484_040a2c-7a_5\" data-label=\"Message\" type=\"textarea\" placeholder=\"D\u00e9crivez en quelques mots le projet que vous souhaitez r\u00e9aliser\" data-type=\"textarea\" class=\"kb-field kb-text-style-field kb-textarea-field kb-field-5\" rows=\"4\" data-required=\"yes\" data-required-message=\"Champ obligatoire\"><\/textarea><\/div><input type=\"hidden\" name=\"_kb_form_id\" value=\"1484_040a2c-7a\"\/><input type=\"hidden\" name=\"_kb_form_post_id\" value=\"1484\"\/><input type=\"hidden\" name=\"action\" value=\"kb_process_ajax_submit\"\/><input class=\"kadence-blocks-field verify\" type=\"text\" name=\"_kb_verify_email\" autocomplete=\"new-password\" aria-hidden=\"true\" placeholder=\"Email\" tabindex=\"-1\" data-1p-ignore=\"true\" data-lpignore=\"true\" \/><div class=\"kadence-blocks-form-field kb-submit-field kb-field-desk-width-100\"><button class=\"kb-forms-submit button kb-button-size-custom kb-button-width-auto\">ENVOYER<\/button><\/div><\/form><\/div>\n<noscript><div class=\"kadence-blocks-form-message kadence-blocks-form-warning\">Please enable JavaScript in your browser to submit the form<\/div><style>.kadence-form-1484_040a2c-7a .kadence-blocks-form-field.kb-submit-field { display: none; }<\/style><\/noscript><\/div><\/div>\n\n\n<style>.kadence-column1484_f990b4-73 > .kt-inside-inner-col,.kadence-column1484_f990b4-73 > .kt-inside-inner-col:before{border-top-left-radius:0px;border-top-right-radius:0px;border-bottom-right-radius:0px;border-bottom-left-radius:0px;}.kadence-column1484_f990b4-73 > .kt-inside-inner-col{column-gap:var(--global-kb-gap-sm, 1rem);}.kadence-column1484_f990b4-73 > .kt-inside-inner-col{flex-direction:column;}.kadence-column1484_f990b4-73 > .kt-inside-inner-col > .aligncenter{width:100%;}.kadence-column1484_f990b4-73 > .kt-inside-inner-col:before{opacity:0.3;}.kadence-column1484_f990b4-73{position:relative;}@media all and (max-width: 1024px){.kadence-column1484_f990b4-73 > .kt-inside-inner-col{flex-direction:column;}}@media all and (max-width: 767px){.kadence-column1484_f990b4-73 > .kt-inside-inner-col{flex-direction:column;}}<\/style>\n<div class=\"wp-block-kadence-column kadence-column1484_f990b4-73\"><div class=\"kt-inside-inner-col\"><\/div><\/div>\n\n<\/div><\/div>","protected":false},"excerpt":{"rendered":"<p>Soumission en ligne Demande de soumission L&rsquo;\u00e9quipe de DK Toitures se fera un plaisir de discuter avec vous de votre projet, de bien comprendre vos besoins et de vous fournir une soumission rapide et gratuite. Nous vous r\u00e9pondront dans les meilleurs d\u00e9lais.<\/p>\n","protected":false},"author":1,"featured_media":1565,"parent":0,"menu_order":0,"comment_status":"closed","ping_status":"closed","template":"","meta":{"_kadence_starter_templates_imported_post":true,"_kad_post_transparent":"enable","_kad_post_title":"hide","_kad_post_layout":"fullwidth","_kad_post_sidebar_id":"","_kad_post_content_style":"unboxed","_kad_post_vertical_padding":"hide","_kad_post_feature":"","_kad_post_feature_position":"","_kad_post_header":false,"_kad_post_footer":false},"_links":{"self":[{"href":"https:\/\/dktoitures.com\/index.php?rest_route=\/wp\/v2\/pages\/1484"}],"collection":[{"href":"https:\/\/dktoitures.com\/index.php?rest_route=\/wp\/v2\/pages"}],"about":[{"href":"https:\/\/dktoitures.com\/index.php?rest_route=\/wp\/v2\/types\/page"}],"author":[{"embeddable":true,"href":"https:\/\/dktoitures.com\/index.php?rest_route=\/wp\/v2\/users\/1"}],"replies":[{"embeddable":true,"href":"https:\/\/dktoitures.com\/index.php?rest_route=%2Fwp%2Fv2%2Fcomments&post=1484"}],"version-history":[{"count":46,"href":"https:\/\/dktoitures.com\/index.php?rest_route=\/wp\/v2\/pages\/1484\/revisions"}],"predecessor-version":[{"id":2139,"href":"https:\/\/dktoitures.com\/index.php?rest_route=\/wp\/v2\/pages\/1484\/revisions\/2139"}],"wp:featuredmedia":[{"embeddable":true,"href":"https:\/\/dktoitures.com\/index.php?rest_route=\/wp\/v2\/media\/1565"}],"wp:attachment":[{"href":"https:\/\/dktoitures.com\/index.php?rest_route=%2Fwp%2Fv2%2Fmedia&parent=1484"}],"curies":[{"name":"wp","href":"https:\/\/api.w.org\/{rel}","templated":true}]}}